uppose 0 = 5*p + 3*t - 1195 - 356, 5*t - o = -4*p. What are the prime factors of p?
2, 3, 13
List the prime factors of (-5)/2 - 46/(13/((-108316)/16)).
2, 3, 499
Suppose -9*p = 8*p - 119. List the prime factors of (-30134)/(-133) - (-3)/p*1.
227
Let t(x) = x**2 + 5*x + 6. Let w be t(-2). Let n be (1 - -24)*(w + (-76)/(-2)). Suppose 6*s - n = 136. What are the prime factors of s?
181
Let d(z) be the first derivative of 4*z**3 + 1/4*z**4 - 3/2*z**2 + z - 5. What are the prime factors of d(-12)?
37
Let a be -8 + (7 - -548 - 3). Let d = a + -315. What are the prime factors of d?
229
Let z be ((-4)/4)/((-2)/634). List the prime factors of 9/162*15*6*z.
5, 317
Suppose 30 = 4*o + 4*i - 150, -i = 2*o - 88. Let u = -6 - o. Let m = 100 + u. What are the prime factors of m?
3, 17
List the prime factors of 9/(-2) - 7985*1204/(-280).
11, 3121
Let y = 10430 - 3324. What are the prime factors of y?
2, 11, 17, 19
What are the prime factors of 8371 + (5 - -4) + (1 - 7)?
2, 53, 79
Let x = 26 - 23. Suppose 4*b - q = -x*q + 694, -3*q = -4*b + 669. List the prime factors of (b/(-18))/((-1)/10).
5, 19
Let q(i) = -i**2 - 14*i + 7. Let v be q(-7). Let r = 128 - v. List the prime factors of r.
2, 3
Let g be -24 - (7 - 2 - 2). Let p be 18/(-4)*(-738)/g. Let q = p - -204. What are the prime factors of q?
3
Suppose -6*k + k + 10 = 0. Let z be 242/(-198) - 2*k/(-18). What are the prime factors of (5 - 5 - 90/3)*z?
2, 3, 5
Suppose 5*j + 59*l - 36191 = 60*l, 0 = 5*j + 2*l - 36203. What are the prime factors of j?
3, 19, 127
Let u(h) = 108*h**2 - 76*h + 18. What are the prime factors of u(6)?
2, 3, 5, 23
Let m be (-3)/((-6)/(-184))*556/(-16). Suppose 22*b + 755 = m. List the prime factors of b.
3, 37
Let r be 3*-1 + 11 + 6. Suppose -r*j + 16*j - 6 = 0. Suppose 4*p = -5*z + 100, 3*z - 108 = -p - j*p. List the prime factors of p.
2, 3, 5
Let w(g) = -2662*g + 43 + 44 + 2696*g. List the prime factors of w(17).
5, 7, 19
List the prime factors of ((-1065)/(-12))/((-5)/(-580)).
5, 29, 71
Let w(j) = j**3 + 35*j**2 - 746*j + 60. List the prime factors of w(-49).
2, 3, 5
Suppose -3*g = -4*x - 1461 + 572, -x - 1510 = -5*g. Suppose 0 = g*p - 298*p - 410. What are the prime factors of p?
2, 41
Let n = -1374 + 17800. List the prime factors of n.
2, 43, 191
Suppose -11*m + 122921 + 109017 = 37744. What are the prime factors of m?
2, 7, 13, 97
Let h(j) = 26*j - 29. Let n be h(1). List the prime factors of (-3743)/n - -2*2/3.
1249
Let c(v) = 3*v**3 + 2*v**2 - 57*v + 337. List the prime factors of c(12).
5, 41
Suppose j - 1 = -0*j, -5*d + 40 = -5*j. Let x(i) = -5*i**2 + 50*i + 19. What are the prime factors of x(d)?
2
Let v = 18 + 21. Suppose -190 = -5*b - 5*z, 3*z = -0*b + 5*b - 150. Suppose 3*o - 2*f + v = 4*o, -o + b = 5*f. What are the prime factors of o?
43
Let t = 14389 - -28169. What are the prime factors of t?
2, 3, 41, 173
Suppose -2*b - 182 = -2*u, 2*b - 6*u + 2*u + 178 = 0. Let z = -87 - b. What are the prime factors of z?
2, 3
Let h = -735 + 805. Let x = h - -65. What are the prime factors of x?
3, 5
Suppose 2*n = 30*f - 29*f + 9445, -n + 4724 = -f. What are the prime factors of n?
4721
Let s = -645 - -904. Suppose z - s = -5*c, -3*c - 1039 + 262 = -3*z. What are the prime factors of z?
7, 37
Let r(y) = -10*y - 183. Let a be r(-25). Let h = 117 + a. What are the prime factors of h?
2, 23
Let c = -367 - -369. Suppose 17*a - 21*a + 1154 = 2*s, 1158 = c*s + 2*a. List the prime factors of s.
7, 83
Suppose 0*q = q - 3. Suppose q*y + 22 = 34. Suppose 0 = -2*r - y*r + 288. List the prime factors of r.
2, 3
Let c(m) = -m - 1. Let x(t) = -194*t + 65. Let f(s) = c(s) - x(s). What are the prime factors of f(3)?
3, 19
Suppose -5*b + 11 + 12 = -2*g, 2*b + 16 = 5*g. Let r(w) be the second derivative of 19*w**3/6 - 15*w**2 + w. What are the prime factors of r(b)?
103
List the prime factors of 6 - 3 - 2/((-24)/1002)*486.
2, 3, 19, 89
Let m = -34 + 26. Let l = -9 - m. List the prime factors of (130/40)/(l/(-4)).
13
Suppose 2*v = -3*j + 5445, j - 2179 = -v - 364. Suppose 5*i - r - j = 2*r, 5*r = -25. List the prime factors of i.
2, 3, 5
Let l be (272/(-6))/(5/15). Let q = -379 + l. Let i = -342 - q. What are the prime factors of i?
173
Let y(h) = 2*h**3 - 129*h**2 + 404*h - 382. List the prime factors of y(63).
13163
Let p = -3524 - -1083. What are the prime factors of ((-4)/(-3))/(p/(-813) - 3)?
2, 271
Let h(o) = o**3 - 6*o**2 + 7*o + 3. Suppose -2*d + 19 = d - 2*r, 0 = d + 3*r - 10. What are the prime factors of h(d)?
101
Let d(t) = 4 - 5 + 17 + 4*t. Suppose -5*n = 2*w - 32, -w = -1 - 0. What are the prime factors of d(n)?
2, 5
Let g(o) = -24084*o + 1255. List the prime factors of g(-1).
25339
Let x(t) = 2 + 0*t + 2 + t + 3*t + t**2. Let m be x(-4). List the prime factors of (-6)/m*284/(-6).
71
Let a(b) be the second derivative of -b**4/12 + 5*b**3/6 + 6*b**2 + 10*b. Let k be a(5). What are the prime factors of -12*(2 - 40/k)?
2
Suppose -47*h = -48*h. Let g(q) = 5*q - 8. Let s be g(h). Let m = 18 - s. What are the prime factors of m?
2, 13
Let z be 351/(-3)*(-4)/(-6)*1. What are the prime factors of ((-10)/(-4) + -1)*z/(-9)?
13
Let j(n) be the third derivative of n**4 - n**3/6 + 58*n**2 + 2*n. What are the prime factors of j(3)?
71
Let k(a) = 2*a**2 + 40*a + 18. Let t be k(-20). Suppose t*i - 41 = -5. Suppose 196 = f - i*j, -2*j + 1000 = 4*f + 226. List the prime factors of f.
2, 97
Let s(k) = -1121*k**3 + k**2 - 7*k - 1. What are the prime factors of s(-2)?
3, 5, 599
Let v(w) = -w**3 - 12*w**2 - 14*w + 65. Let g be v(-10). Suppose -5*x - 2*i = -6156, 0 = g*x - 4*i - 7949 + 1811. List the prime factors of x.
2, 3, 5, 41
What are the prime factors of (-9)/18 - (-298125)/30?
19, 523
Suppose -3*k = 4*h - 0*h - 976, -k - 2*h = -326. Suppose -336 = -5*n + k. Suppose 34*b = 38*b - n. What are the prime factors of b?
3, 11
Let v(h) = 343*h - 58. Let x be v(5). Suppose -4*m + 83 = -x. What are the prime factors of m?
3, 5, 29
Let m be (8908/((-12)/(-3)))/(-14 - -15). Suppose 7*v - m = 3114. List the prime factors of v.
7, 109
Suppose 165211 = 3*s + s - 5*a, 3*s = 7*a + 123905. What are the prime factors of s?
2, 3, 1721
Let o = 198 - 164. Suppose o*f = 29*f + 3525. What are the prime factors of f?
3, 5, 47
Let o = -64036 + 119110. What are the prime factors of o?
2, 3, 67, 137
Let y(j) = 3*j**3 + 24*j**2 + 24*j - 13. Let t(c) = -2*c**3 - 23*c**2 - 23*c + 12. Let m(w) = -4*t(w) - 3*y(w). What are the prime factors of m(20)?
17, 23
Let r be 943/9 - (25/9 + -3). Let c = 50 + 59. Suppose -c*w = -r*w - 216. List the prime factors of w.
2, 3
Let d be (7 - 14 - -9) + (-18)/(-2). Suppose -2392 = -19*s + d*s. What are the prime factors of s?
13, 23
Suppose 45 = 8*k + k. Let c be 15/6*32/20. Suppose k*x - 5*i = 940, -3*x - c*i - 39 = -589. List the prime factors of x.
2, 3, 31
Let k(f) = 35*f**2 - 7*f + 16. Let x be 14 + 3 + (4 - 15). List the prime factors of k(x).
2, 617
Suppose 16*j = 7*j + 27. Suppose -475 = -j*s + 1010. List the prime factors of s.
3, 5, 11
Suppose -216*t + 199*t = -190842. List the prime factors of t.
2, 3, 1871
Let x be (0 - (-12)/10)/((-16)/560). Let p = -39 - x. Suppose -r + p = 0, 0 = -0*z - 3*z + 3*r + 357. List the prime factors of z.
2, 61
Let h = -6495 - -12281. List the prime factors of h.
2, 11, 263
Let q be (-15710)/(-6) + 17/(-51). Let p = 3857 - q. What are the prime factors of p?
3, 7, 59
List the prime factors of 1 + -11*(-4)/(-36) + 4494680/360.
5, 11, 227
Let c(w) = -93*w - 58. Let y be c(-5). Let n = 145 + y. List the prime factors of n.
2, 3, 23
Let f(r) be the first derivative of -r**2/2 + r + 15. Let w be f(-17). Suppose -b + 36 = -w. What are the prime factors of b?
2, 3
Let j(z) = 12*z**2 - 6*z - 4. Let u be (-16)/(-5) + 11/(-55). Suppose 4*s + 14 = -u*a, -2*a - 3*a - 2*s = 14. What are the prime factors of j(a)?
2, 7
Suppose 214*a - 209*a = 28790. List the prime factors of a.
2, 2879
Let d = 11 - 11. Suppose -7*q + 11*q - 1916 = d. List the prime factors of q.
479
Let p be ((-32)/(-40))/(4/7930). Suppose -5*d - 2*o + 1985 = -7*o, p = 4*d - 5*o. What are the prime factors of d?
3, 7, 19
Let y = 398 + -395. Suppose y*z + 2669 = -0*p + 4*p, -2*p + 5*z + 1331 = 0. What are the prime factors of p?
2, 167
Let d(q) = 247*q**3 + 238*q**2 + 12*q - 10. List the prime facto